{"id":28,"date":"2024-11-04T18:50:05","date_gmt":"2024-11-04T18:50:05","guid":{"rendered":"https:\/\/templatecliente.com.br\/marchand\/?page_id=28"},"modified":"2025-04-14T11:28:24","modified_gmt":"2025-04-14T14:28:24","slug":"home","status":"publish","type":"page","link":"https:\/\/marchandchimie.com.br\/","title":{"rendered":"HOME"},"content":{"rendered":"\t\t<div data-elementor-type=\"wp-page\" data-elementor-id=\"28\" class=\"elementor elementor-28\">\n\t\t\t\t<div class=\"elementor-element elementor-element-600f8d9 e-con-full e-flex wpr-particle-no wpr-jarallax-no wpr-parallax-no wpr-sticky-section-no e-con e-parent\" data-id=\"600f8d9\" data-element_type=\"container\" data-e-type=\"container\" data-settings=\"{&quot;background_background&quot;:&quot;slideshow&quot;,&quot;background_slideshow_gallery&quot;:[{&quot;id&quot;:295,&quot;url&quot;:&quot;http:\\\/\\\/marchandchimie.com.br\\\/wp-content\\\/uploads\\\/2025\\\/02\\\/1-1.jpg&quot;},{&quot;id&quot;:199,&quot;url&quot;:&quot;http:\\\/\\\/marchandchimie.com.br\\\/wp-content\\\/uploads\\\/2025\\\/02\\\/2.jpg&quot;},{&quot;id&quot;:424,&quot;url&quot;:&quot;http:\\\/\\\/marchandchimie.com.br\\\/wp-content\\\/uploads\\\/2025\\\/02\\\/Especialista-em-Tratamento-de-Agua-em-Caldeiras-e-Circuitos-de-Agua-Quente.jpg&quot;}],&quot;background_slideshow_loop&quot;:&quot;yes&quot;,&quot;background_slideshow_slide_duration&quot;:5000,&quot;background_slideshow_slide_transition&quot;:&quot;fade&quot;,&quot;background_slideshow_transition_duration&quot;:500}\">\n\t\t\t\t<\/div>\n\t\t<div class=\"elementor-element elementor-element-7b670ca e-flex e-con-boxed wpr-particle-no wpr-jarallax-no wpr-parallax-no wpr-sticky-section-no e-con e-parent\" data-id=\"7b670ca\" data-element_type=\"container\" data-e-type=\"container\" data-settings=\"{&quot;background_background&quot;:&quot;classic&quot;}\">\n\t\t\t\t\t<div class=\"e-con-inner\">\n\t\t<div class=\"elementor-element elementor-element-5ebd721 e-con-full elementor-hidden-mobile e-flex wpr-particle-no wpr-jarallax-no wpr-parallax-no wpr-sticky-section-no e-con e-child\" data-id=\"5ebd721\" data-element_type=\"container\" data-e-type=\"container\">\n\t\t\t\t<\/div>\n\t\t<div class=\"elementor-element elementor-element-1103566 e-con-full e-flex wpr-particle-no wpr-jarallax-no wpr-parallax-no wpr-sticky-section-no e-con e-child\" data-id=\"1103566\" data-element_type=\"container\" data-e-type=\"container\">\n\t\t\t\t<div class=\"elementor-element elementor-element-a6a60cb elementor-invisible elementor-widget elementor-widget-heading\" data-id=\"a6a60cb\" data-element_type=\"widget\" data-e-type=\"widget\" data-settings=\"{&quot;_animation&quot;:&quot;fadeInUp&quot;}\" data-widget_type=\"heading.default\">\n\t\t\t\t<div class=\"elementor-widget-container\">\n\t\t\t\t\t<h2 class=\"elementor-heading-title elementor-size-default\">ESPECIALISTA EM TRATAMENTO DE \u00c1GUA EM CALDEIRAS E CIRCUITOS DE REFRIGERA\u00c7\u00c3O<\/h2>\t\t\t\t<\/div>\n\t\t\t\t<\/div>\n\t\t\t\t<\/div>\n\t\t<div class=\"elementor-element elementor-element-c3c5551 e-con-full elementor-hidden-mobile e-flex wpr-particle-no wpr-jarallax-no wpr-parallax-no wpr-sticky-section-no e-con e-child\" data-id=\"c3c5551\" data-element_type=\"container\" data-e-type=\"container\">\n\t\t\t\t<\/div>\n\t\t\t\t\t<\/div>\n\t\t\t\t<\/div>\n\t\t<div class=\"elementor-element elementor-element-ab9a4a7 e-flex e-con-boxed wpr-particle-no wpr-jarallax-no wpr-parallax-no wpr-sticky-section-no e-con e-parent\" data-id=\"ab9a4a7\" data-element_type=\"container\" data-e-type=\"container\">\n\t\t\t\t\t<div class=\"e-con-inner\">\n\t\t<div class=\"elementor-element elementor-element-2d7c060 e-con-full e-flex wpr-particle-no wpr-jarallax-no wpr-parallax-no wpr-sticky-section-no e-con e-child\" data-id=\"2d7c060\" data-element_type=\"container\" data-e-type=\"container\">\n\t\t\t\t<div class=\"elementor-element elementor-element-0411b86 elementor-widget elementor-widget-heading\" data-id=\"0411b86\" data-element_type=\"widget\" data-e-type=\"widget\" data-widget_type=\"heading.default\">\n\t\t\t\t<div class=\"elementor-widget-container\">\n\t\t\t\t\t<h3 class=\"elementor-heading-title elementor-size-default\">Alinhando tecnologia de ponta a um atendimento personalizado para cada um\nde nossos clientes<\/h3>\t\t\t\t<\/div>\n\t\t\t\t<\/div>\n\t\t\t\t<div class=\"elementor-element elementor-element-4e52699 elementor-widget elementor-widget-text-editor\" data-id=\"4e52699\" data-element_type=\"widget\" data-e-type=\"widget\" data-widget_type=\"text-editor.default\">\n\t\t\t\t<div class=\"elementor-widget-container\">\n\t\t\t\t\t\t\t\t\t<p>A atua\u00e7\u00e3o da MARCHAND CHIMIE est\u00e1 focada no tratamento qu\u00edmico preventivo da \u00e1gua em caldeiras, circuitos de refrigera\u00e7\u00e3o e de aquecimento, al\u00e9m de centrais de ar-condicionado de uso industrial e comercial.<\/p><p>O uso da \u00e1gua em opera\u00e7\u00f5es de troca t\u00e9rmica pode causar problemas como incrusta\u00e7\u00f5es e corros\u00e3o nos equipamentos e tubula\u00e7\u00f5es, capaz de reduzir a efici\u00eancia dos sistemas, aumentando custos operacionais e a incid\u00eancia de manuten\u00e7\u00f5es corretivas.<\/p><p>Assim, o tratamento qu\u00edmico preventivo constitui a aplica\u00e7\u00e3o de componentes ativos residuais na \u00e1gua, objetivando principalmente o controle dos seguintes fatores:<\/p>\t\t\t\t\t\t\t\t<\/div>\n\t\t\t\t<\/div>\n\t\t\t\t<\/div>\n\t\t\t\t\t<\/div>\n\t\t\t\t<\/div>\n\t\t<div class=\"elementor-element elementor-element-ae27429 e-flex e-con-boxed wpr-particle-no wpr-jarallax-no wpr-parallax-no wpr-sticky-section-no e-con e-parent\" data-id=\"ae27429\" data-element_type=\"container\" data-e-type=\"container\">\n\t\t\t\t\t<div class=\"e-con-inner\">\n\t\t\t\t\t<\/div>\n\t\t\t\t<\/div>\n\t\t<div class=\"elementor-element elementor-element-b31daf4 e-flex e-con-boxed wpr-particle-no wpr-jarallax-no wpr-parallax-no wpr-sticky-section-no e-con e-parent\" data-id=\"b31daf4\" data-element_type=\"container\" data-e-type=\"container\">\n\t\t\t\t\t<div class=\"e-con-inner\">\n\t\t<div class=\"elementor-element elementor-element-d24d6fa e-con-full e-flex wpr-particle-no wpr-jarallax-no wpr-parallax-no wpr-sticky-section-no e-con e-child\" data-id=\"d24d6fa\" data-element_type=\"container\" data-e-type=\"container\">\n\t\t\t\t<div class=\"elementor-element elementor-element-5e5df90 elementor-widget elementor-widget-heading\" data-id=\"5e5df90\" data-element_type=\"widget\" data-e-type=\"widget\" data-widget_type=\"heading.default\">\n\t\t\t\t<div class=\"elementor-widget-container\">\n\t\t\t\t\t<h4 class=\"elementor-heading-title elementor-size-default\">CORROS\u00c3O<\/h4>\t\t\t\t<\/div>\n\t\t\t\t<\/div>\n\t\t\t\t<div class=\"elementor-element elementor-element-6e92a2c elementor-widget elementor-widget-text-editor\" data-id=\"6e92a2c\" data-element_type=\"widget\" data-e-type=\"widget\" data-widget_type=\"text-editor.default\">\n\t\t\t\t<div class=\"elementor-widget-container\">\n\t\t\t\t\t\t\t\t\t<p>Nas suas diversas formas, como corros\u00e3o galv\u00e2nica, corros\u00e3o por despolariza\u00e7\u00e3o cat\u00f3dica, por aera\u00e7\u00e3o diferencial, por a\u00e7\u00e3o combinada de bact\u00e9rias, corros\u00e3o devido a sais dissolvidos, entre outras.<\/p>\t\t\t\t\t\t\t\t<\/div>\n\t\t\t\t<\/div>\n\t\t\t\t<\/div>\n\t\t<div class=\"elementor-element elementor-element-21cb37b e-con-full e-flex wpr-particle-no wpr-jarallax-no wpr-parallax-no wpr-sticky-section-no e-con e-child\" data-id=\"21cb37b\" data-element_type=\"container\" data-e-type=\"container\">\n\t\t\t\t<div class=\"elementor-element elementor-element-7ddae4c elementor-widget elementor-widget-heading\" data-id=\"7ddae4c\" data-element_type=\"widget\" data-e-type=\"widget\" data-widget_type=\"heading.default\">\n\t\t\t\t<div class=\"elementor-widget-container\">\n\t\t\t\t\t<h4 class=\"elementor-heading-title elementor-size-default\">INCRUSTA\u00c7\u00d5ES<\/h4>\t\t\t\t<\/div>\n\t\t\t\t<\/div>\n\t\t\t\t<div class=\"elementor-element elementor-element-74f6685 elementor-widget elementor-widget-text-editor\" data-id=\"74f6685\" data-element_type=\"widget\" data-e-type=\"widget\" data-widget_type=\"text-editor.default\">\n\t\t\t\t<div class=\"elementor-widget-container\">\n\t\t\t\t\t\t\t\t\t<p>Causadas pela concentra\u00e7\u00e3o de sais dissolvidos, que ao alcan\u00e7arem seu limite de solubilidade, terminam por se depositar nas \u00e1reas mais quentes do sistema, como trocadores de calor.<\/p>\t\t\t\t\t\t\t\t<\/div>\n\t\t\t\t<\/div>\n\t\t\t\t<\/div>\n\t\t<div class=\"elementor-element elementor-element-7be73d2 e-con-full e-flex wpr-particle-no wpr-jarallax-no wpr-parallax-no wpr-sticky-section-no e-con e-child\" data-id=\"7be73d2\" data-element_type=\"container\" data-e-type=\"container\">\n\t\t\t\t<div class=\"elementor-element elementor-element-954fe0e elementor-widget elementor-widget-heading\" data-id=\"954fe0e\" data-element_type=\"widget\" data-e-type=\"widget\" data-widget_type=\"heading.default\">\n\t\t\t\t<div class=\"elementor-widget-container\">\n\t\t\t\t\t<h4 class=\"elementor-heading-title elementor-size-default\">MICRORGANISMOS<\/h4>\t\t\t\t<\/div>\n\t\t\t\t<\/div>\n\t\t\t\t<div class=\"elementor-element elementor-element-70c9353 elementor-widget elementor-widget-text-editor\" data-id=\"70c9353\" data-element_type=\"widget\" data-e-type=\"widget\" data-widget_type=\"text-editor.default\">\n\t\t\t\t<div class=\"elementor-widget-container\">\n\t\t\t\t\t\t\t\t\t<p>Os microrganismos que proliferam na \u00e1gua, originam a forma\u00e7\u00e3o de lodo microbiol\u00f3gico, que vai sendo arrastado para a tubula\u00e7\u00e3o e condensadores, constituindo o &#8220;bio-fouling&#8221;.<\/p>\t\t\t\t\t\t\t\t<\/div>\n\t\t\t\t<\/div>\n\t\t\t\t<\/div>\n\t\t\t\t\t<\/div>\n\t\t\t\t<\/div>\n\t\t<div class=\"elementor-element elementor-element-3dfb9b2 e-flex e-con-boxed wpr-particle-no wpr-jarallax-no wpr-parallax-no wpr-sticky-section-no e-con e-parent\" data-id=\"3dfb9b2\" data-element_type=\"container\" data-e-type=\"container\">\n\t\t\t\t\t<div class=\"e-con-inner\">\n\t\t\t\t<div class=\"elementor-element elementor-element-654dc79 elementor-widget elementor-widget-text-editor\" data-id=\"654dc79\" data-element_type=\"widget\" data-e-type=\"widget\" data-widget_type=\"text-editor.default\">\n\t\t\t\t<div class=\"elementor-widget-container\">\n\t\t\t\t\t\t\t\t\t<p>Nossos produtos e servi\u00e7os s\u00e3o desenvolvidos e adaptados para atender as necessidades de cada um de nossos clientes.<br>Para a <strong>MARCHAND CHIMIE<\/strong>&nbsp;cada cliente \u00e9 \u00fanico.<\/p>\t\t\t\t\t\t\t\t<\/div>\n\t\t\t\t<\/div>\n\t\t\t\t\t<\/div>\n\t\t\t\t<\/div>\n\t\t\t\t<\/div>\n\t\t","protected":false},"excerpt":{"rendered":"<p>ESPECIALISTA EM TRATAMENTO DE \u00c1GUA EM CALDEIRAS E CIRCUITOS DE REFRIGERA\u00c7\u00c3O Alinhando tecnologia de ponta a um atendimento personalizado para cada um de nossos clientes A atua\u00e7\u00e3o da MARCHAND CHIMIE est\u00e1 focada no tratamento qu\u00edmico preventivo da \u00e1gua em caldeiras, circuitos de refrigera\u00e7\u00e3o e de aquecimento, al\u00e9m de centrais de ar-condicionado de uso industrial e comercial. O uso da \u00e1gua em opera\u00e7\u00f5es de troca t\u00e9rmica pode causar problemas como incrusta\u00e7\u00f5es e corros\u00e3o nos equipamentos e tubula\u00e7\u00f5es, capaz de reduzir a efici\u00eancia dos sistemas, aumentando custos operacionais e a incid\u00eancia de manuten\u00e7\u00f5es corretivas. Assim, o tratamento qu\u00edmico preventivo constitui a aplica\u00e7\u00e3o de componentes ativos residuais na \u00e1gua, objetivando principalmente o controle dos seguintes fatores: CORROS\u00c3O Nas suas diversas formas, como corros\u00e3o galv\u00e2nica, corros\u00e3o por despolariza\u00e7\u00e3o cat\u00f3dica, por aera\u00e7\u00e3o diferencial, por a\u00e7\u00e3o combinada de bact\u00e9rias, corros\u00e3o devido a sais dissolvidos, entre outras. INCRUSTA\u00c7\u00d5ES Causadas pela concentra\u00e7\u00e3o de sais dissolvidos, que ao alcan\u00e7arem seu limite de solubilidade, terminam por se depositar nas \u00e1reas mais quentes do sistema, como trocadores de calor. MICRORGANISMOS Os microrganismos que proliferam na \u00e1gua, originam a forma\u00e7\u00e3o de lodo microbiol\u00f3gico, que vai sendo arrastado para a tubula\u00e7\u00e3o e condensadores, constituindo o &#8220;bio-fouling&#8221;. Nossos produtos e servi\u00e7os s\u00e3o desenvolvidos e adaptados para atender as necessidades de cada um de nossos clientes.Para a MARCHAND CHIMIE&nbsp;cada cliente \u00e9 \u00fanico.<\/p>\n","protected":false},"author":1,"featured_media":0,"parent":0,"menu_order":0,"comment_status":"closed","ping_status":"closed","template":"","meta":{"site-sidebar-layout":"no-sidebar","site-content-layout":"","ast-site-content-layout":"full-width-container","site-content-style":"default","site-sidebar-style":"default","ast-global-header-display":"","ast-banner-title-visibility":"","ast-main-header-display":"","ast-hfb-above-header-display":"","ast-hfb-below-header-display":"","ast-hfb-mobile-header-display":"","site-post-title":"disabled","ast-breadcrumbs-content":"","ast-featured-img":"disabled","footer-sml-layout":"","ast-disable-related-posts":"","theme-transparent-header-meta":"","adv-header-id-meta":"","stick-header-meta":"","header-above-stick-meta":"","header-main-stick-meta":"","header-below-stick-meta":"","astra-migrate-meta-layouts":"default","ast-page-background-enabled":"default","ast-page-background-meta":{"desktop":{"background-color":"var(--ast-global-color-5)","background-image":"","background-repeat":"repeat","background-position":"center center","background-size":"auto","background-attachment":"scroll","background-type":"","background-media":"","overlay-type":"","overlay-color":"","overlay-opacity":"","overlay-gradient":""},"tablet":{"background-color":"","background-image":"","background-repeat":"repeat","background-position":"center center","background-size":"auto","background-attachment":"scroll","background-type":"","background-media":"","overlay-type":"","overlay-color":"","overlay-opacity":"","overlay-gradient":""},"mobile":{"background-color":"","background-image":"","background-repeat":"repeat","background-position":"center center","background-size":"auto","background-attachment":"scroll","background-type":"","background-media":"","overlay-type":"","overlay-color":"","overlay-opacity":"","overlay-gradient":""}},"ast-content-background-meta":{"desktop":{"background-color":"var(--ast-global-color-4)","background-image":"","background-repeat":"repeat","background-position":"center center","background-size":"auto","background-attachment":"scroll","background-type":"","background-media":"","overlay-type":"","overlay-color":"","overlay-opacity":"","overlay-gradient":""},"tablet":{"background-color":"var(--ast-global-color-4)","background-image":"","background-repeat":"repeat","background-position":"center center","background-size":"auto","background-attachment":"scroll","background-type":"","background-media":"","overlay-type":"","overlay-color":"","overlay-opacity":"","overlay-gradient":""},"mobile":{"background-color":"var(--ast-global-color-4)","background-image":"","background-repeat":"repeat","background-position":"center center","background-size":"auto","background-attachment":"scroll","background-type":"","background-media":"","overlay-type":"","overlay-color":"","overlay-opacity":"","overlay-gradient":""}},"footnotes":""},"class_list":["post-28","page","type-page","status-publish","hentry"],"_links":{"self":[{"href":"https:\/\/marchandchimie.com.br\/index.php\/wp-json\/wp\/v2\/pages\/28","targetHints":{"allow":["GET"]}}],"collection":[{"href":"https:\/\/marchandchimie.com.br\/index.php\/wp-json\/wp\/v2\/pages"}],"about":[{"href":"https:\/\/marchandchimie.com.br\/index.php\/wp-json\/wp\/v2\/types\/page"}],"author":[{"embeddable":true,"href":"https:\/\/marchandchimie.com.br\/index.php\/wp-json\/wp\/v2\/users\/1"}],"replies":[{"embeddable":true,"href":"https:\/\/marchandchimie.com.br\/index.php\/wp-json\/wp\/v2\/comments?post=28"}],"version-history":[{"count":8,"href":"https:\/\/marchandchimie.com.br\/index.php\/wp-json\/wp\/v2\/pages\/28\/revisions"}],"predecessor-version":[{"id":503,"href":"https:\/\/marchandchimie.com.br\/index.php\/wp-json\/wp\/v2\/pages\/28\/revisions\/503"}],"wp:attachment":[{"href":"https:\/\/marchandchimie.com.br\/index.php\/wp-json\/wp\/v2\/media?parent=28"}],"curies":[{"name":"wp","href":"https:\/\/api.w.org\/{rel}","templated":true}]}}